{"id":3,"date":"2021-08-04T22:04:01","date_gmt":"2021-08-04T22:04:01","guid":{"rendered":"https:\/\/mailingprocables.com.mx\/?page_id=3"},"modified":"2021-08-04T23:04:05","modified_gmt":"2021-08-04T23:04:05","slug":"privacy-policy","status":"publish","type":"page","link":"https:\/\/mailingprocables.com.mx\/index.php\/privacy-policy\/","title":{"rendered":"Pol\u00edtica de privacidad"},"content":{"rendered":"\n<p><strong>Pol\u00edtica de Privacidad<\/strong>: En cumplimiento con la Ley Federal de Protecci\u00f3n de Datos Personales en Posesi\u00f3n de Particulares,\u00a0<strong>LIVEMORE<\/strong>\u00a0 recabara sus datos personales para ser usados \u00fanicamente con car\u00e1cter referencial de la persona que solicita alg\u00fan servicio. En cualquier momento, el titular de los datos podr\u00e1 hacer uso de sus derechos de acceso, rectificaci\u00f3n, cancelaci\u00f3n y oposici\u00f3n. Se presume que usted consciente t\u00e1citamente en el tratamiento de sus datos mientras no manifieste su oposici\u00f3n.<\/p>\n","protected":false},"excerpt":{"rendered":"<p>Pol\u00edtica de Privacidad: En cumplimiento con la Ley Federal de Protecci\u00f3n de Datos Personales en Posesi\u00f3n de Particulares,\u00a0LIVEMORE\u00a0 recabara sus datos personales para ser usados \u00fanicamente con car\u00e1cter referencial de la persona que solicita alg\u00fan servicio. En cualquier momento, el titular de los datos podr\u00e1 hacer uso de sus derechos de acceso, rectificaci\u00f3n, cancelaci\u00f3n y [&hellip;]<\/p>\n","protected":false},"author":1,"featured_media":0,"parent":0,"menu_order":0,"comment_status":"closed","ping_status":"open","template":"","meta":{"footnotes":""},"class_list":["post-3","page","type-page","status-publish","hentry"],"_links":{"self":[{"href":"https:\/\/mailingprocables.com.mx\/index.php\/wp-json\/wp\/v2\/pages\/3","targetHints":{"allow":["GET"]}}],"collection":[{"href":"https:\/\/mailingprocables.com.mx\/index.php\/wp-json\/wp\/v2\/pages"}],"about":[{"href":"https:\/\/mailingprocables.com.mx\/index.php\/wp-json\/wp\/v2\/types\/page"}],"author":[{"embeddable":true,"href":"https:\/\/mailingprocables.com.mx\/index.php\/wp-json\/wp\/v2\/users\/1"}],"replies":[{"embeddable":true,"href":"https:\/\/mailingprocables.com.mx\/index.php\/wp-json\/wp\/v2\/comments?post=3"}],"version-history":[{"count":1,"href":"https:\/\/mailingprocables.com.mx\/index.php\/wp-json\/wp\/v2\/pages\/3\/revisions"}],"predecessor-version":[{"id":8,"href":"https:\/\/mailingprocables.com.mx\/index.php\/wp-json\/wp\/v2\/pages\/3\/revisions\/8"}],"wp:attachment":[{"href":"https:\/\/mailingprocables.com.mx\/index.php\/wp-json\/wp\/v2\/media?parent=3"}],"curies":[{"name":"wp","href":"https:\/\/api.w.org\/{rel}","templated":true}]}}